factors of 1410?
2, 3, 5, 47
What are the prime factors of 32017?
101, 317
What are the prime factors of 9948?
2, 3, 829
What are the prime factors of 62611?
17, 29, 127
What are the prime factors of 2271?
3, 757
List the prime factors of 1772.
2, 443
List the prime factors of 36123.
3, 12041
What are the prime factors of 97764?
2, 3, 8147
List the prime factors of 16900.
2, 5, 13
List the prime factors of 18440.
2, 5, 461
What are the prime factors of 1237?
1237
List the prime factors of 12611.
12611
List the prime factors of 4230.
2, 3, 5, 47
What are the prime factors of 2164?
2, 541
What are the prime factors of 79703?
13, 6131
List the prime factors of 9439.
9439
List the prime factors of 2006.
2, 17, 59
List the prime factors of 861.
3, 7, 41
What are the prime factors of 4916?
2, 1229
What are the prime factors of 5124?
2, 3, 7, 61
List the prime factors of 483.
3, 7, 23
What are the prime factors of 3235?
5, 647
What are the prime factors of 5199?
3, 1733
List the prime factors of 1940.
2, 5, 97
What are the prime factors of 1923?
3, 641
What are the prime factors of 2206?
2, 1103
List the prime factors of 840.
2, 3, 5, 7
What are the prime factors of 322?
2, 7, 23
List the prime factors of 16541.
7, 17, 139
List the prime factors of 1690.
2, 5, 13
List the prime factors of 20555.
5, 4111
What are the prime factors of 74577?
3, 24859
List the prime factors of 58601.
58601
List the prime factors of 14040.
2, 3, 5, 13
What are the prime factors of 108044?
2, 27011
What are the prime factors of 7637?
7, 1091
What are the prime factors of 1154?
2, 577
What are the prime factors of 5459?
53, 103
List the prime factors of 965.
5, 193
What are the prime factors of 5579?
7, 797
What are the prime factors of 19583?
19583
List the prime factors of 4476.
2, 3, 373
List the prime factors of 3971.
11, 19
List the prime factors of 927.
3, 103
What are the prime factors of 39310?
2, 5, 3931
List the prime factors of 4660.
2, 5, 233
List the prime factors of 2964.
2, 3, 13, 19
What are the prime factors of 664?
2, 83
What are the prime factors of 507?
3, 13
List the prime factors of 4843.
29, 167
List the prime factors of 45314.
2, 139, 163
What are the prime factors of 3323?
3323
List the prime factors of 12029.
23, 523
What are the prime factors of 3445?
5, 13, 53
List the prime factors of 10830.
2, 3, 5, 19
What are the prime factors of 20468?
2, 7, 17, 43
What are the prime factors of 2939?
2939
What are the prime factors of 4178?
2, 2089
What are the prime factors of 1552?
2, 97
What are the prime factors of 4770?
2, 3, 5, 53
List the prime factors of 407.
11, 37
List the prime factors of 97223.
7, 17, 19, 43
List the prime factors of 617.
617
List the prime factors of 9715.
5, 29, 67
List the prime factors of 242.
2, 11
List the prime factors of 68391.
3, 17, 149
What are the prime factors of 33400?
2, 5, 167
What are the prime factors of 295?
5, 59
List the prime factors of 9666.
2, 3, 179
What are the prime factors of 1521?
3, 13
What are the prime factors of 3961?
17, 233
List the prime factors of 536.
2, 67
List the prime factors of 20462.
2, 13, 787
What are the prime factors of 36917?
19, 29, 67
What are the prime factors of 26771?
19, 1409
List the prime factors of 2847.
3, 13, 73
What are the prime factors of 86907?
3, 59, 491
What are the prime factors of 48813?
3, 53, 307
What are the prime factors of 259?
7, 37
What are the prime factors of 4605?
3, 5, 307
List the prime factors of 58930.
2, 5, 71, 83
List the prime factors of 6228.
2, 3, 173
What are the prime factors of 9906?
2, 3, 13, 127
List the prime factors of 55791.
3, 6199
List the prime factors of 46021.
46021
List the prime factors of 1187.
1187
List the prime factors of 3745.
5, 7, 107
List the prime factors of 41667.
3, 17, 19, 43
What are the prime factors of 9473?
9473
What are the prime factors of 4395?
3, 5, 293
What are the prime factors of 2393?
2393
List the prime factors of 2199.
3, 733
List the prime factors of 1862.
2, 7, 19
List the prime factors of 1997.
1997
What are the prime factors of 2191?
7, 313
List the prime factors of 129770.
2, 5, 19, 683
List the prime factors of 9767.
9767
List the prime factors of 137255.
5, 97, 283
List the prime factors of 17.
17
List the prime factors of 9227.
9227
What are the prime factors of 95610?
2, 3, 5, 3187
What are the prime factors of 4756?
2, 29, 41
What are the prime factors of 2882?
2, 11, 131
List the prime factors of 34743.
3, 37, 313
List the prime factors of 1583.
1583
What are the prime factors of 1422?
2, 3, 79
List the prime factors of 357.
3, 7, 17
What are the prime factors of 70576?
2, 11, 401
What are the prime factors of 2186?
2, 1093
List the prime factors of 675.
3, 5
What are the prime factors of 11815?
5, 17, 139
What are the prime factors of 991?
991
What are the prime factors of 20572?
2, 37, 139
List the prime factors of 722.
2, 19
What are the prime factors of 10165?
5, 19, 107
What are the prime factors of 260?
2, 5, 13
What are the prime factors of 59067?
3, 6563
What are the prime factors of 2037?
3, 7, 97
List the prime factors of 109.
109
What are the prime factors of 39868?
2, 9967
What are the prime factors of 34139?
7, 4877
List the prime factors of 21747.
3, 11, 659
List the prime factors of 908.
2, 227
What are the prime factors of 813?
3, 271
What are the prime factors of 64295?
5, 7, 11, 167
What are the prime factors of 3132?
2, 3, 29
List the prime factors of 19012.
2, 7, 97
What are the prime factors of 1427?
1427
List the prime factors of 95530.
2, 5, 41, 233
What are the prime factors of 108979?
13, 83, 101
List the prime factors of 5312.
2, 83
What are the prime factors of 197617?
7, 37, 109
What are the prime factors of 260?
2, 5, 13
What are the prime factors of 58530?
2, 3, 5, 1951
What are the prime factors of 4785?
3, 5, 11, 29
List the prime factors of 64489.
64489
List the prime factors of 11181.
3, 3727
List the prime factors of 60180.
2, 3, 5, 17, 59
What are the prime factors of 70048?
2, 11, 199
List the prime factors of 4549.
4549
What are the prime factors of 2569?
7, 367
What are the prime factors of 22787?
22787
List the prime factors of 59918.
2, 29959
List the prime factors of 20195.
5, 7, 577
What are the prime factors of 3057?
3, 1019
What are the prime factors of 765?
3, 5, 17
List the prime factors of 7052.
2, 41, 43
List the prime factors of 1329.
3, 443
List the prime factors of 2922.
2, 3, 487
List the prime factors of 1193.
1193
What are the prime factors of 2840?
2, 5, 71
List the prime factors of 982.
2, 491
List the prime factors of 53.
53
List the prime factors of 464.
2, 29
What are the prime factors of 115675?
5, 7, 661
What are the prime factors of 12196?
2, 3049
What are the prime factors of 10965?
3, 5, 17, 43
What are the prime factors of 112182?
2, 3, 7, 2671
What are the prime factors of 63974?
2, 29, 1103
What are the prime factors of 2739?
3, 11, 83
What are the prime factors of 38351?
38351
What are the prime factors of 8161?
8161
What are the prime factors of 17245?
5, 3449
What are the prime factors of 43132?
2, 41, 263
What are the prime factors of 8889?
3, 2963
What are the prime factors of 1674?
2, 3, 31
List the prime factors of 1564.
2, 17, 23
List the prime factors of 22342.
2, 11171
List the prime factors of 163891.
7, 13, 1801
List the prime factors of 828.
2, 3, 23
List the prime factors of 1309.
7, 11, 17
What are the prime factors of 1325?
5, 53
What are the prime factors of 8118?
2, 3, 11, 41
List the prime factors of 6435.
3, 5, 11, 13
List the prime factors of 1753.
1753
List the prime factors of 178.
2, 89
List the prime factors of 19035.
3, 5, 47
What are the prime factors of 24995?
5, 4999
What are the prime factors of 29864?
2, 3733
What are the prime factors of 1439?
1439
List the prime factors of 3678.
2, 3, 613
What are the prime factors of 42445?
5, 13, 653
List the prime factors of 3229.
3229
List the prime factors of 2279.
43, 53
List the prime factors of 1501.
19, 79
What are the prime factors of 4175?
5, 167
What are the prime factors of 64459?
73, 883
List the prime factors of 619.
619
What are the prime factors of 188?
2, 47
List the prime factors of 2759.
31, 89
What are the prime factors of 456?
2, 3, 